{"id":6142,"date":"2026-03-27T08:48:34","date_gmt":"2026-03-27T11:48:34","guid":{"rendered":"https:\/\/leyard.com.br\/?page_id=6142"},"modified":"2026-03-27T09:00:13","modified_gmt":"2026-03-27T12:00:13","slug":"fabricante-de-painel-de-led-no-brasil","status":"publish","type":"page","link":"https:\/\/leyard.com.br\/esp\/fabricante-de-painel-de-led-no-brasil\/","title":{"rendered":"Fabricante de Painel de LED no Brasil"},"content":{"rendered":"<div data-elementor-type=\"wp-page\" data-elementor-id=\"6142\" class=\"elementor elementor-6142\" data-elementor-post-type=\"page\">\n\t\t\t\t<div class=\"elementor-element elementor-element-848a3f9 e-con-full e-flex e-con e-child\" data-id=\"848a3f9\" data-element_type=\"container\" data-e-type=\"container\" data-settings=\"{&quot;background_background&quot;:&quot;classic&quot;}\">\n\t\t\t\t<div class=\"elementor-element elementor-element-1d89869 elementor-widget__width-initial elementor-widget-mobile__width-initial elementor-widget elementor-widget-heading\" data-id=\"1d89869\" data-element_type=\"widget\" data-e-type=\"widget\" data-widget_type=\"heading.default\">\n\t\t\t\t<div class=\"elementor-widget-container\">\n\t\t\t\t\t<h1 class=\"elementor-heading-title elementor-size-default\">Fabricante de Painel de LED no Brasil<\/h1>\t\t\t\t<\/div>\n\t\t\t\t<\/div>\n\t\t\t\t<\/div>\n\t\t<div class=\"elementor-element elementor-element-ac1745f e-flex e-con-boxed e-con e-parent\" data-id=\"ac1745f\" data-element_type=\"container\" data-e-type=\"container\">\n\t\t\t\t\t<div class=\"e-con-inner\">\n\t\t\t\t<div class=\"elementor-element elementor-element-b384628 elementor-widget__width-initial elementor-widget elementor-widget-heading\" data-id=\"b384628\" data-element_type=\"widget\" data-e-type=\"widget\" data-widget_type=\"heading.default\">\n\t\t\t\t<div class=\"elementor-widget-container\">\n\t\t\t\t\t<h1 class=\"elementor-heading-title elementor-size-default\">Fabricante de Painel de LED no Brasil<\/h1>\t\t\t\t<\/div>\n\t\t\t\t<\/div>\n\t\t\t\t<div class=\"elementor-element elementor-element-d05b259 elementor-widget__width-initial elementor-widget elementor-widget-text-editor\" data-id=\"d05b259\" data-element_type=\"widget\" data-e-type=\"widget\" data-widget_type=\"text-editor.default\">\n\t\t\t\t<div class=\"elementor-widget-container\">\n\t\t\t\t\t\t\t\t\t<p>A Leyard \u00e9 refer\u00eancia global na fabrica\u00e7\u00e3o de pain\u00e9is de LED. Conhe\u00e7a solu\u00e7\u00f5es inovadoras para projetos corporativos, varejo, m\u00eddia e entretenimento no Brasil.<\/p>\t\t\t\t\t\t\t\t<\/div>\n\t\t\t\t<\/div>\n\t\t\t\t\t<\/div>\n\t\t\t\t<\/div>\n\t\t<div class=\"elementor-element elementor-element-5ba8227 e-flex e-con-boxed e-con e-parent\" data-id=\"5ba8227\" data-element_type=\"container\" data-e-type=\"container\">\n\t\t\t\t\t<div class=\"e-con-inner\">\n\t\t\t\t<div class=\"elementor-element elementor-element-8636a5d elementor-widget elementor-widget-image\" data-id=\"8636a5d\" data-element_type=\"widget\" data-e-type=\"widget\" data-widget_type=\"image.default\">\n\t\t\t\t<div class=\"elementor-widget-container\">\n\t\t\t\t\t\t\t\t\t\t\t\t\t\t\t<img fetchpriority=\"high\" decoding=\"async\" width=\"768\" height=\"512\" src=\"https:\/\/leyard.com.br\/wp-content\/uploads\/2025\/06\/mGhk1RTeOFdVWzjiwHiP8PWlRVg.png\" class=\"attachment-medium_large size-medium_large wp-image-1698\" alt=\"\" \/>\t\t\t\t\t\t\t\t\t\t\t\t\t\t\t<\/div>\n\t\t\t\t<\/div>\n\t\t\t\t\t<\/div>\n\t\t\t\t<\/div>\n\t\t<div class=\"elementor-element elementor-element-fceb9fa e-flex e-con-boxed e-con e-parent\" data-id=\"fceb9fa\" data-element_type=\"container\" data-e-type=\"container\">\n\t\t\t\t\t<div class=\"e-con-inner\">\n\t\t\t\t<div class=\"elementor-element elementor-element-8348d4e elementor-widget__width-initial elementor-widget elementor-widget-text-editor\" data-id=\"8348d4e\" data-element_type=\"widget\" data-e-type=\"widget\" data-widget_type=\"text-editor.default\">\n\t\t\t\t<div class=\"elementor-widget-container\">\n\t\t\t\t\t\t\t\t\t<p data-start=\"1483\" data-end=\"1539\">Quando o assunto \u00e9 <strong data-start=\"1573\" data-end=\"1614\">fabricante de painel de LED no Brasil<\/strong>, \u00e9 essencial escolher uma empresa com tecnologia comprovada, presen\u00e7a global e capacidade de atender projetos de diferentes escalas.<\/p><p data-start=\"1749\" data-end=\"1977\">\u00a0<\/p><p data-start=\"1749\" data-end=\"1977\">EL <strong data-start=\"1751\" data-end=\"1761\">Leyard<\/strong> \u00e9 reconhecida mundialmente como l\u00edder no desenvolvimento e fabrica\u00e7\u00e3o de solu\u00e7\u00f5es em LED, atuando em mercados estrat\u00e9gicos como publicidade digital (DOOH), ambientes corporativos, varejo, broadcast e entretenimento.<\/p><p data-start=\"1979\" data-end=\"2143\">Diferente de empresas que apenas comercializam ou integram solu\u00e7\u00f5es, a Leyard \u00e9 <strong data-start=\"2059\" data-end=\"2080\">fabricante global<\/strong>, com controle completo sobre tecnologia, qualidade e inova\u00e7\u00e3o.<\/p>\t\t\t\t\t\t\t\t<\/div>\n\t\t\t\t<\/div>\n\t\t\t\t\t<\/div>\n\t\t\t\t<\/div>\n\t\t<div class=\"elementor-element elementor-element-62ebb52 e-flex e-con-boxed e-con e-parent\" data-id=\"62ebb52\" data-element_type=\"container\" data-e-type=\"container\">\n\t\t\t\t\t<div class=\"e-con-inner\">\n\t\t\t\t<div class=\"elementor-element elementor-element-ab73e6c elementor-widget elementor-widget-image\" data-id=\"ab73e6c\" data-element_type=\"widget\" data-e-type=\"widget\" data-widget_type=\"image.default\">\n\t\t\t\t<div class=\"elementor-widget-container\">\n\t\t\t\t\t\t\t\t\t\t\t\t\t\t\t<img decoding=\"async\" width=\"768\" height=\"506\" src=\"https:\/\/leyard.com.br\/wp-content\/uploads\/2026\/03\/Imagem21-768x506.jpg\" class=\"attachment-medium_large size-medium_large wp-image-5882\" alt=\"\" srcset=\"https:\/\/leyard.com.br\/wp-content\/uploads\/2026\/03\/Imagem21-768x506.jpg 768w, https:\/\/leyard.com.br\/wp-content\/uploads\/2026\/03\/Imagem21-300x198.jpg 300w, https:\/\/leyard.com.br\/wp-content\/uploads\/2026\/03\/Imagem21-18x12.jpg 18w, https:\/\/leyard.com.br\/wp-content\/uploads\/2026\/03\/Imagem21-600x396.jpg 600w, https:\/\/leyard.com.br\/wp-content\/uploads\/2026\/03\/Imagem21.jpg 804w\" sizes=\"(max-width: 768px) 100vw, 768px\" \/>\t\t\t\t\t\t\t\t\t\t\t\t\t\t\t<\/div>\n\t\t\t\t<\/div>\n\t\t\t\t\t<\/div>\n\t\t\t\t<\/div>\n\t\t<div class=\"elementor-element elementor-element-20b0a76 e-flex e-con-boxed e-con e-parent\" data-id=\"20b0a76\" data-element_type=\"container\" data-e-type=\"container\">\n\t\t\t\t\t<div class=\"e-con-inner\">\n\t\t\t\t<div class=\"elementor-element elementor-element-babe4e0 elementor-widget__width-initial elementor-widget elementor-widget-heading\" data-id=\"babe4e0\" data-element_type=\"widget\" data-e-type=\"widget\" data-widget_type=\"heading.default\">\n\t\t\t\t<div class=\"elementor-widget-container\">\n\t\t\t\t\t<h2 class=\"elementor-heading-title elementor-size-default\">Por que escolher um fabricante de painel de LED??<\/h2>\t\t\t\t<\/div>\n\t\t\t\t<\/div>\n\t\t\t\t\t<\/div>\n\t\t\t\t<\/div>\n\t\t<div class=\"elementor-element elementor-element-61ba442 e-flex e-con-boxed e-con e-parent\" data-id=\"61ba442\" data-element_type=\"container\" data-e-type=\"container\">\n\t\t\t\t\t<div class=\"e-con-inner\">\n\t\t\t\t<div class=\"elementor-element elementor-element-11f39c9 elementor-widget__width-initial elementor-widget elementor-widget-text-editor\" data-id=\"11f39c9\" data-element_type=\"widget\" data-e-type=\"widget\" data-widget_type=\"text-editor.default\">\n\t\t\t\t<div class=\"elementor-widget-container\">\n\t\t\t\t\t\t\t\t\t<p data-start=\"2208\" data-end=\"2234\">Ao buscar por termos como:<\/p><ul data-start=\"2235\" data-end=\"2333\"><li data-section-id=\"1bufspl\" data-start=\"2235\" data-end=\"2266\">fabricante de painel de LED<\/li><li data-section-id=\"1oj9g4h\" data-start=\"2267\" data-end=\"2305\">empresa de painel de LED no Brasil<\/li><li data-section-id=\"r1sgb9\" data-start=\"2306\" data-end=\"2333\">marcas de painel de LED<\/li><\/ul><p data-start=\"2335\" data-end=\"2402\">\u00a0<\/p><p data-start=\"2335\" data-end=\"2402\"><strong>\u00e9 importante entender a diferen\u00e7a entre fabricantes e revendedores.<\/strong><\/p><p data-start=\"2404\" data-end=\"2440\">Um fabricante como a Leyard oferece:<\/p><p data-start=\"2404\" data-end=\"2440\">\u00a0<\/p><ul data-start=\"2441\" data-end=\"2607\"><li data-section-id=\"1l49dil\" data-start=\"2441\" data-end=\"2472\">Controle total de qualidade<\/li><li data-section-id=\"8fw2uk\" data-start=\"2473\" data-end=\"2495\">Tecnologia pr\u00f3pria<\/li><li data-section-id=\"1dq10l\" data-start=\"2496\" data-end=\"2532\">Maior durabilidade e performance<\/li><li data-section-id=\"xocsm2\" data-start=\"2533\" data-end=\"2566\">Suporte t\u00e9cnico especializado<\/li><li data-section-id=\"znmzvf\" data-start=\"2567\" data-end=\"2607\">Escalabilidade para grandes projetos<\/li><\/ul>\t\t\t\t\t\t\t\t<\/div>\n\t\t\t\t<\/div>\n\t\t\t\t\t<\/div>\n\t\t\t\t<\/div>\n\t\t<div class=\"elementor-element elementor-element-e1cc18d e-flex e-con-boxed e-con e-parent\" data-id=\"e1cc18d\" data-element_type=\"container\" data-e-type=\"container\">\n\t\t\t\t\t<div class=\"e-con-inner\">\n\t\t\t\t<div class=\"elementor-element elementor-element-12d3543 elementor-widget elementor-widget-image\" data-id=\"12d3543\" data-element_type=\"widget\" data-e-type=\"widget\" data-widget_type=\"image.default\">\n\t\t\t\t<div class=\"elementor-widget-container\">\n\t\t\t\t\t\t\t\t\t\t\t\t\t\t\t<img decoding=\"async\" width=\"768\" height=\"432\" src=\"https:\/\/leyard.com.br\/wp-content\/uploads\/2026\/02\/Case-rolls-royce-768x432.png\" class=\"attachment-medium_large size-medium_large wp-image-5274\" alt=\"PAINEL DE LED INTERNO LEYARD\" srcset=\"https:\/\/leyard.com.br\/wp-content\/uploads\/2026\/02\/Case-rolls-royce-768x432.png 768w, https:\/\/leyard.com.br\/wp-content\/uploads\/2026\/02\/Case-rolls-royce-300x169.png 300w, https:\/\/leyard.com.br\/wp-content\/uploads\/2026\/02\/Case-rolls-royce-1024x576.png 1024w, https:\/\/leyard.com.br\/wp-content\/uploads\/2026\/02\/Case-rolls-royce-1536x864.png 1536w, https:\/\/leyard.com.br\/wp-content\/uploads\/2026\/02\/Case-rolls-royce-18x10.png 18w, https:\/\/leyard.com.br\/wp-content\/uploads\/2026\/02\/Case-rolls-royce-600x338.png 600w, https:\/\/leyard.com.br\/wp-content\/uploads\/2026\/02\/Case-rolls-royce.png 1920w\" sizes=\"(max-width: 768px) 100vw, 768px\" \/>\t\t\t\t\t\t\t\t\t\t\t\t\t\t\t<\/div>\n\t\t\t\t<\/div>\n\t\t\t\t\t<\/div>\n\t\t\t\t<\/div>\n\t\t<div class=\"elementor-element elementor-element-f86aea5 e-flex e-con-boxed e-con e-parent\" data-id=\"f86aea5\" data-element_type=\"container\" data-e-type=\"container\">\n\t\t\t\t\t<div class=\"e-con-inner\">\n\t\t\t\t<div class=\"elementor-element elementor-element-744e124 elementor-widget__width-initial elementor-widget elementor-widget-heading\" data-id=\"744e124\" data-element_type=\"widget\" data-e-type=\"widget\" data-widget_type=\"heading.default\">\n\t\t\t\t<div class=\"elementor-widget-container\">\n\t\t\t\t\t<h2 class=\"elementor-heading-title elementor-size-default\">Leyard: refer\u00eancia entre as melhores marcas de painel de LED<\/h2>\t\t\t\t<\/div>\n\t\t\t\t<\/div>\n\t\t\t\t\t<\/div>\n\t\t\t\t<\/div>\n\t\t<div class=\"elementor-element elementor-element-b3beaff e-flex e-con-boxed e-con e-parent\" data-id=\"b3beaff\" data-element_type=\"container\" data-e-type=\"container\">\n\t\t\t\t\t<div class=\"e-con-inner\">\n\t\t\t\t<div class=\"elementor-element elementor-element-df723ee elementor-widget__width-initial elementor-widget elementor-widget-text-editor\" data-id=\"df723ee\" data-element_type=\"widget\" data-e-type=\"widget\" data-widget_type=\"text-editor.default\">\n\t\t\t\t<div class=\"elementor-widget-container\">\n\t\t\t\t\t\t\t\t\t<p data-start=\"2684\" data-end=\"2699\">Em buscas como:<\/p><ul data-start=\"2700\" data-end=\"2803\"><li data-section-id=\"1sgmtw3\" data-start=\"2700\" data-end=\"2738\">melhores empresas de painel de LED<\/li><li data-section-id=\"1xvtslz\" data-start=\"2739\" data-end=\"2772\">melhor marca de painel de LED<\/li><li data-section-id=\"1vooysc\" data-start=\"2773\" data-end=\"2803\">painel de LED profissional<\/li><\/ul><p>\u00a0<\/p><p data-start=\"2805\" data-end=\"2896\">a Leyard se destaca por sua presen\u00e7a global e projetos de grande impacto ao redor do mundo.<\/p><p data-start=\"2898\" data-end=\"2955\">Com atua\u00e7\u00e3o em diversos pa\u00edses, a marca est\u00e1 presente em:<\/p><p data-start=\"2898\" data-end=\"2955\">\u00a0<\/p><ul data-start=\"2956\" data-end=\"3080\"><li data-section-id=\"1e24iic\" data-start=\"2956\" data-end=\"2970\">aeroportos<\/li><li data-section-id=\"p2c58i\" data-start=\"2971\" data-end=\"2989\">est\u00fadios de TV<\/li><li data-section-id=\"1oo77c4\" data-start=\"2990\" data-end=\"3017\">grandes centros urbanos<\/li><li data-section-id=\"ro8740\" data-start=\"3018\" data-end=\"3039\">arenas esportivas<\/li><li data-section-id=\"w1u7dn\" data-start=\"3040\" data-end=\"3080\">projetos corporativos de alto padr\u00e3o<\/li><\/ul>\t\t\t\t\t\t\t\t<\/div>\n\t\t\t\t<\/div>\n\t\t\t\t\t<\/div>\n\t\t\t\t<\/div>\n\t\t<div class=\"elementor-element elementor-element-58bbe25 e-flex e-con-boxed e-con e-parent\" data-id=\"58bbe25\" data-element_type=\"container\" data-e-type=\"container\">\n\t\t\t\t\t<div class=\"e-con-inner\">\n\t\t\t\t<div class=\"elementor-element elementor-element-d3f1bad elementor-widget__width-initial elementor-widget elementor-widget-heading\" data-id=\"d3f1bad\" data-element_type=\"widget\" data-e-type=\"widget\" data-widget_type=\"heading.default\">\n\t\t\t\t<div class=\"elementor-widget-container\">\n\t\t\t\t\t<h2 class=\"elementor-heading-title elementor-size-default\">Tecnologia e inova\u00e7\u00e3o em pain\u00e9is de LED<\/h2>\t\t\t\t<\/div>\n\t\t\t\t<\/div>\n\t\t\t\t\t<\/div>\n\t\t\t\t<\/div>\n\t\t<div class=\"elementor-element elementor-element-4c8c701 e-flex e-con-boxed e-con e-parent\" data-id=\"4c8c701\" data-element_type=\"container\" data-e-type=\"container\">\n\t\t\t\t\t<div class=\"e-con-inner\">\n\t\t\t\t<div class=\"elementor-element elementor-element-a48818a elementor-widget__width-initial elementor-widget elementor-widget-text-editor\" data-id=\"a48818a\" data-element_type=\"widget\" data-e-type=\"widget\" data-widget_type=\"text-editor.default\">\n\t\t\t\t<div class=\"elementor-widget-container\">\n\t\t\t\t\t\t\t\t\t<p data-start=\"3136\" data-end=\"3170\">A Leyard investe continuamente em:<\/p><ul data-start=\"3171\" data-end=\"3292\"><li data-section-id=\"y9d4gj\" data-start=\"3171\" data-end=\"3212\">alta resolu\u00e7\u00e3o (pixel pitch avan\u00e7ado)<\/li><li data-section-id=\"1m9s65o\" data-start=\"3213\" data-end=\"3237\">fidelidade de imagem<\/li><li data-section-id=\"fdtf3e\" data-start=\"3238\" data-end=\"3263\">efici\u00eancia energ\u00e9tica<\/li><li data-section-id=\"xfl0fa\" data-start=\"3264\" data-end=\"3292\">facilidade de manuten\u00e7\u00e3o<\/li><\/ul><p>\u00a0<\/p><p data-start=\"3294\" data-end=\"3411\">Esses fatores tornam a empresa uma das principais refer\u00eancias quando o assunto \u00e9 <strong data-start=\"3375\" data-end=\"3410\">painel de LED de alta qualidade<\/strong>.<\/p>\t\t\t\t\t\t\t\t<\/div>\n\t\t\t\t<\/div>\n\t\t\t\t\t<\/div>\n\t\t\t\t<\/div>\n\t\t<div class=\"elementor-element elementor-element-474daf4 e-flex e-con-boxed e-con e-parent\" data-id=\"474daf4\" data-element_type=\"container\" data-e-type=\"container\">\n\t\t\t\t\t<div class=\"e-con-inner\">\n\t\t\t\t<div class=\"elementor-element elementor-element-070f055 elementor-widget__width-initial elementor-widget elementor-widget-text-editor\" data-id=\"070f055\" data-element_type=\"widget\" data-e-type=\"widget\" data-widget_type=\"text-editor.default\">\n\t\t\t\t<div class=\"elementor-widget-container\">\n\t\t\t\t\t\t\t\t\t<p data-start=\"3437\" data-end=\"3542\">Se a busca \u00e9 por um <strong data-start=\"3457\" data-end=\"3508\">fabricante de painel de LED confi\u00e1vel no Brasil<\/strong>, a escolha deve ir al\u00e9m do pre\u00e7o.<\/p><p data-start=\"3544\" data-end=\"3630\">A Leyard combina:<br \/>\u2714 lideran\u00e7a global<br data-start=\"3580\" data-end=\"3583\" \/>\u2714 tecnologia pr\u00f3pria<br data-start=\"3603\" data-end=\"3606\" \/>\u2714 expertise comprovada<\/p><p data-start=\"3632\" data-end=\"3714\">Tudo isso posiciona a marca como uma das principais refer\u00eancias no mercado de LED.<\/p>\t\t\t\t\t\t\t\t<\/div>\n\t\t\t\t<\/div>\n\t\t\t\t<div class=\"elementor-element elementor-element-1a83210 elementor-widget__width-initial elementor-widget elementor-widget-text-editor\" data-id=\"1a83210\" data-element_type=\"widget\" data-e-type=\"widget\" data-widget_type=\"text-editor.default\">\n\t\t\t\t<div class=\"elementor-widget-container\">\n\t\t\t\t\t\t\t\t\t<p>Para entender qual painel de LED \u00e9 ideal para o seu projeto, fale com um especialista:<\/p><p>WhatsApp: (41) 99219-5297<br \/>E-mail: sales.brazil@leyardgroup.com<\/p>\t\t\t\t\t\t\t\t<\/div>\n\t\t\t\t<\/div>\n\t\t\t\t\t<\/div>\n\t\t\t\t<\/div>\n\t\t\t\t<\/div>","protected":false},"excerpt":{"rendered":"<p>Fabricante de Painel de LED no Brasil Fabricante de Painel de LED no Brasil A Leyard \u00e9 refer\u00eancia global na fabrica\u00e7\u00e3o de pain\u00e9is de LED. Conhe\u00e7a solu\u00e7\u00f5es inovadoras para projetos corporativos, varejo, m\u00eddia e entretenimento no Brasil. Quando o assunto \u00e9 fabricante de painel de LED no Brasil, \u00e9 essencial escolher uma empresa com tecnologia [&hellip;]<\/p>","protected":false},"author":4,"featured_media":0,"parent":0,"menu_order":0,"comment_status":"closed","ping_status":"closed","template":"","meta":{"footnotes":""},"class_list":["post-6142","page","type-page","status-publish","hentry"],"_links":{"self":[{"href":"https:\/\/leyard.com.br\/esp\/wp-json\/wp\/v2\/pages\/6142","targetHints":{"allow":["GET"]}}],"collection":[{"href":"https:\/\/leyard.com.br\/esp\/wp-json\/wp\/v2\/pages"}],"about":[{"href":"https:\/\/leyard.com.br\/esp\/wp-json\/wp\/v2\/types\/page"}],"author":[{"embeddable":true,"href":"https:\/\/leyard.com.br\/esp\/wp-json\/wp\/v2\/users\/4"}],"replies":[{"embeddable":true,"href":"https:\/\/leyard.com.br\/esp\/wp-json\/wp\/v2\/comments?post=6142"}],"version-history":[{"count":5,"href":"https:\/\/leyard.com.br\/esp\/wp-json\/wp\/v2\/pages\/6142\/revisions"}],"predecessor-version":[{"id":6148,"href":"https:\/\/leyard.com.br\/esp\/wp-json\/wp\/v2\/pages\/6142\/revisions\/6148"}],"wp:attachment":[{"href":"https:\/\/leyard.com.br\/esp\/wp-json\/wp\/v2\/media?parent=6142"}],"curies":[{"name":"wp","href":"https:\/\/api.w.org\/{rel}","templated":true}]}}