{"id":6205,"date":"2026-04-01T15:31:44","date_gmt":"2026-04-01T18:31:44","guid":{"rendered":"https:\/\/leyard.com.br\/?page_id=6205"},"modified":"2026-04-01T15:31:44","modified_gmt":"2026-04-01T18:31:44","slug":"qual-e-o-preco-do-metro-quadrado-de-painel-de-led","status":"publish","type":"page","link":"https:\/\/leyard.com.br\/esp\/qual-e-o-preco-do-metro-quadrado-de-painel-de-led\/","title":{"rendered":"Qual \u00e9 o pre\u00e7o do metro quadrado de painel de led?"},"content":{"rendered":"<div data-elementor-type=\"wp-page\" data-elementor-id=\"6205\" class=\"elementor elementor-6205\" data-elementor-post-type=\"page\">\n\t\t\t\t<div class=\"elementor-element elementor-element-848a3f9 e-con-full e-flex e-con e-child\" data-id=\"848a3f9\" data-element_type=\"container\" data-e-type=\"container\" data-settings=\"{&quot;background_background&quot;:&quot;classic&quot;}\">\n\t\t\t\t<div class=\"elementor-element elementor-element-1d89869 elementor-widget__width-initial elementor-widget-mobile__width-initial elementor-widget elementor-widget-heading\" data-id=\"1d89869\" data-element_type=\"widget\" data-e-type=\"widget\" data-widget_type=\"heading.default\">\n\t\t\t\t<div class=\"elementor-widget-container\">\n\t\t\t\t\t<h1 class=\"elementor-heading-title elementor-size-default\">Qual \u00e9 o pre\u00e7o do metro quadrado de painel de led?<\/h1>\t\t\t\t<\/div>\n\t\t\t\t<\/div>\n\t\t\t\t<\/div>\n\t\t<div class=\"elementor-element elementor-element-ac1745f e-flex e-con-boxed e-con e-parent\" data-id=\"ac1745f\" data-element_type=\"container\" data-e-type=\"container\">\n\t\t\t\t\t<div class=\"e-con-inner\">\n\t\t\t\t<div class=\"elementor-element elementor-element-b384628 elementor-widget__width-initial elementor-widget elementor-widget-heading\" data-id=\"b384628\" data-element_type=\"widget\" data-e-type=\"widget\" data-widget_type=\"heading.default\">\n\t\t\t\t<div class=\"elementor-widget-container\">\n\t\t\t\t\t<h1 class=\"elementor-heading-title elementor-size-default\">Qual \u00e9 o pre\u00e7o do metro quadrado de painel de LED?<\/h1>\t\t\t\t<\/div>\n\t\t\t\t<\/div>\n\t\t\t\t<div class=\"elementor-element elementor-element-d05b259 elementor-widget__width-initial elementor-widget elementor-widget-text-editor\" data-id=\"d05b259\" data-element_type=\"widget\" data-e-type=\"widget\" data-widget_type=\"text-editor.default\">\n\t\t\t\t<div class=\"elementor-widget-container\">\n\t\t\t\t\t\t\t\t\t<p>O pre\u00e7o do metro quadrado de painel de LED varia conforme fatores como resolu\u00e7\u00e3o (pixel pitch), tipo de aplica\u00e7\u00e3o e tecnologia utilizada. Em geral, quanto maior a defini\u00e7\u00e3o da imagem e a exig\u00eancia do projeto, maior tende a ser o investimento.<\/p>\t\t\t\t\t\t\t\t<\/div>\n\t\t\t\t<\/div>\n\t\t\t\t\t<\/div>\n\t\t\t\t<\/div>\n\t\t<div class=\"elementor-element elementor-element-f3b89d9 e-flex e-con-boxed e-con e-parent\" data-id=\"f3b89d9\" data-element_type=\"container\" data-e-type=\"container\">\n\t\t\t\t\t<div class=\"e-con-inner\">\n\t\t\t\t<div class=\"elementor-element elementor-element-f210a24 elementor-widget elementor-widget-image\" data-id=\"f210a24\" data-element_type=\"widget\" data-e-type=\"widget\" data-widget_type=\"image.default\">\n\t\t\t\t<div class=\"elementor-widget-container\">\n\t\t\t\t\t\t\t\t\t\t\t\t\t\t\t<img fetchpriority=\"high\" decoding=\"async\" width=\"768\" height=\"513\" src=\"https:\/\/leyard.com.br\/wp-content\/uploads\/2025\/06\/GLSg68BBr6KD3i5KxqE4E3WVlY.png\" class=\"attachment-medium_large size-medium_large wp-image-1695\" alt=\"Qual \u00e9 o pre\u00e7o do metro quadrado de painel de LED?\" \/>\t\t\t\t\t\t\t\t\t\t\t\t\t\t\t<\/div>\n\t\t\t\t<\/div>\n\t\t\t\t\t<\/div>\n\t\t\t\t<\/div>\n\t\t<div class=\"elementor-element elementor-element-4ef361b e-flex e-con-boxed e-con e-parent\" data-id=\"4ef361b\" data-element_type=\"container\" data-e-type=\"container\">\n\t\t\t\t\t<div class=\"e-con-inner\">\n\t\t\t\t<div class=\"elementor-element elementor-element-884ab4c elementor-widget__width-initial elementor-widget elementor-widget-heading\" data-id=\"884ab4c\" data-element_type=\"widget\" data-e-type=\"widget\" data-widget_type=\"heading.default\">\n\t\t\t\t<div class=\"elementor-widget-container\">\n\t\t\t\t\t<h2 class=\"elementor-heading-title elementor-size-default\">O que influencia o valor do painel de LED?<\/h2>\t\t\t\t<\/div>\n\t\t\t\t<\/div>\n\t\t\t\t\t<\/div>\n\t\t\t\t<\/div>\n\t\t<div class=\"elementor-element elementor-element-fceb9fa e-flex e-con-boxed e-con e-parent\" data-id=\"fceb9fa\" data-element_type=\"container\" data-e-type=\"container\">\n\t\t\t\t\t<div class=\"e-con-inner\">\n\t\t\t\t<div class=\"elementor-element elementor-element-8348d4e elementor-widget__width-initial elementor-widget elementor-widget-text-editor\" data-id=\"8348d4e\" data-element_type=\"widget\" data-e-type=\"widget\" data-widget_type=\"text-editor.default\">\n\t\t\t\t<div class=\"elementor-widget-container\">\n\t\t\t\t\t\t\t\t\t<p data-start=\"732\" data-end=\"937\">O custo de um painel de LED n\u00e3o \u00e9 fixo, pois depende de caracter\u00edsticas t\u00e9cnicas espec\u00edficas. Entre os principais fatores est\u00e3o o pixel pitch, o n\u00edvel de brilho, o tipo de instala\u00e7\u00e3o e a finalidade do uso.<\/p><p data-start=\"939\" data-end=\"1096\">Projetos para ambientes mais exigentes, como alta defini\u00e7\u00e3o ou visualiza\u00e7\u00e3o pr\u00f3xima, demandam tecnologias mais avan\u00e7adas, o que impacta diretamente no valor.<\/p>\t\t\t\t\t\t\t\t<\/div>\n\t\t\t\t<\/div>\n\t\t\t\t\t<\/div>\n\t\t\t\t<\/div>\n\t\t<div class=\"elementor-element elementor-element-2772d1b e-flex e-con-boxed e-con e-parent\" data-id=\"2772d1b\" data-element_type=\"container\" data-e-type=\"container\">\n\t\t\t\t\t<div class=\"e-con-inner\">\n\t\t\t\t<div class=\"elementor-element elementor-element-59ccfaa elementor-widget elementor-widget-image\" data-id=\"59ccfaa\" data-element_type=\"widget\" data-e-type=\"widget\" data-widget_type=\"image.default\">\n\t\t\t\t<div class=\"elementor-widget-container\">\n\t\t\t\t\t\t\t\t\t\t\t\t\t\t\t<img decoding=\"async\" width=\"768\" height=\"513\" src=\"https:\/\/leyard.com.br\/wp-content\/uploads\/2025\/10\/ohsu-knight2-768x513.jpg\" class=\"attachment-medium_large size-medium_large wp-image-4690\" alt=\"Qual \u00e9 o pre\u00e7o do metro quadrado de painel de LED?\" srcset=\"https:\/\/leyard.com.br\/wp-content\/uploads\/2025\/10\/ohsu-knight2-768x513.jpg 768w, https:\/\/leyard.com.br\/wp-content\/uploads\/2025\/10\/ohsu-knight2-300x200.jpg 300w, https:\/\/leyard.com.br\/wp-content\/uploads\/2025\/10\/ohsu-knight2-1024x684.jpg 1024w, https:\/\/leyard.com.br\/wp-content\/uploads\/2025\/10\/ohsu-knight2-1536x1026.jpg 1536w, https:\/\/leyard.com.br\/wp-content\/uploads\/2025\/10\/ohsu-knight2-18x12.jpg 18w, https:\/\/leyard.com.br\/wp-content\/uploads\/2025\/10\/ohsu-knight2-600x401.jpg 600w, https:\/\/leyard.com.br\/wp-content\/uploads\/2025\/10\/ohsu-knight2.jpg 1920w\" sizes=\"(max-width: 768px) 100vw, 768px\" \/>\t\t\t\t\t\t\t\t\t\t\t\t\t\t\t<\/div>\n\t\t\t\t<\/div>\n\t\t\t\t\t<\/div>\n\t\t\t\t<\/div>\n\t\t<div class=\"elementor-element elementor-element-20b0a76 e-flex e-con-boxed e-con e-parent\" data-id=\"20b0a76\" data-element_type=\"container\" data-e-type=\"container\">\n\t\t\t\t\t<div class=\"e-con-inner\">\n\t\t\t\t<div class=\"elementor-element elementor-element-1679ce2 elementor-widget__width-initial elementor-widget elementor-widget-heading\" data-id=\"1679ce2\" data-element_type=\"widget\" data-e-type=\"widget\" data-widget_type=\"heading.default\">\n\t\t\t\t<div class=\"elementor-widget-container\">\n\t\t\t\t\t<h2 class=\"elementor-heading-title elementor-size-default\">Existe diferen\u00e7a de pre\u00e7o entre tipos de projeto?<\/h2>\t\t\t\t<\/div>\n\t\t\t\t<\/div>\n\t\t\t\t\t<\/div>\n\t\t\t\t<\/div>\n\t\t<div class=\"elementor-element elementor-element-61ba442 e-flex e-con-boxed e-con e-parent\" data-id=\"61ba442\" data-element_type=\"container\" data-e-type=\"container\">\n\t\t\t\t\t<div class=\"e-con-inner\">\n\t\t\t\t<div class=\"elementor-element elementor-element-11f39c9 elementor-widget__width-initial elementor-widget elementor-widget-text-editor\" data-id=\"11f39c9\" data-element_type=\"widget\" data-e-type=\"widget\" data-widget_type=\"text-editor.default\">\n\t\t\t\t<div class=\"elementor-widget-container\">\n\t\t\t\t\t\t\t\t\t<p data-start=\"1162\" data-end=\"1207\">Sim, e essa diferen\u00e7a pode ser significativa.<\/p><p data-start=\"1209\" data-end=\"1437\">Aplica\u00e7\u00f5es mais simples, com menor exig\u00eancia de resolu\u00e7\u00e3o, tendem a ter um custo mais acess\u00edvel. J\u00e1 projetos que exigem alta qualidade de imagem, desempenho cont\u00ednuo ou grande impacto visual possuem um investimento mais elevado.<\/p>\t\t\t\t\t\t\t\t<\/div>\n\t\t\t\t<\/div>\n\t\t\t\t\t<\/div>\n\t\t\t\t<\/div>\n\t\t<div class=\"elementor-element elementor-element-c53985a e-flex e-con-boxed e-con e-parent\" data-id=\"c53985a\" data-element_type=\"container\" data-e-type=\"container\">\n\t\t\t\t\t<div class=\"e-con-inner\">\n\t\t\t\t<div class=\"elementor-element elementor-element-ccf4313 elementor-widget elementor-widget-image\" data-id=\"ccf4313\" data-element_type=\"widget\" data-e-type=\"widget\" data-widget_type=\"image.default\">\n\t\t\t\t<div class=\"elementor-widget-container\">\n\t\t\t\t\t\t\t\t\t\t\t\t\t\t\t<img decoding=\"async\" width=\"768\" height=\"521\" src=\"https:\/\/leyard.com.br\/wp-content\/uploads\/2026\/04\/Case-HeM-Londres-768x521.jpg\" class=\"attachment-medium_large size-medium_large wp-image-6215\" alt=\"Qual \u00e9 o pre\u00e7o do metro quadrado de painel de LED?\" srcset=\"https:\/\/leyard.com.br\/wp-content\/uploads\/2026\/04\/Case-HeM-Londres-768x521.jpg 768w, https:\/\/leyard.com.br\/wp-content\/uploads\/2026\/04\/Case-HeM-Londres-300x204.jpg 300w, https:\/\/leyard.com.br\/wp-content\/uploads\/2026\/04\/Case-HeM-Londres-18x12.jpg 18w, https:\/\/leyard.com.br\/wp-content\/uploads\/2026\/04\/Case-HeM-Londres-600x407.jpg 600w, https:\/\/leyard.com.br\/wp-content\/uploads\/2026\/04\/Case-HeM-Londres.jpg 855w\" sizes=\"(max-width: 768px) 100vw, 768px\" \/>\t\t\t\t\t\t\t\t\t\t\t\t\t\t\t<\/div>\n\t\t\t\t<\/div>\n\t\t\t\t\t<\/div>\n\t\t\t\t<\/div>\n\t\t<div class=\"elementor-element elementor-element-142d6a2 e-flex e-con-boxed e-con e-parent\" data-id=\"142d6a2\" data-element_type=\"container\" data-e-type=\"container\">\n\t\t\t\t\t<div class=\"e-con-inner\">\n\t\t\t\t<div class=\"elementor-element elementor-element-18cd6a2 elementor-widget__width-initial elementor-widget elementor-widget-heading\" data-id=\"18cd6a2\" data-element_type=\"widget\" data-e-type=\"widget\" data-widget_type=\"heading.default\">\n\t\t\t\t<div class=\"elementor-widget-container\">\n\t\t\t\t\t<h2 class=\"elementor-heading-title elementor-size-default\">Como definir o melhor custo-benef\u00edcio?<\/h2>\t\t\t\t<\/div>\n\t\t\t\t<\/div>\n\t\t\t\t\t<\/div>\n\t\t\t\t<\/div>\n\t\t<div class=\"elementor-element elementor-element-27b97cc e-flex e-con-boxed e-con e-parent\" data-id=\"27b97cc\" data-element_type=\"container\" data-e-type=\"container\">\n\t\t\t\t\t<div class=\"e-con-inner\">\n\t\t\t\t<div class=\"elementor-element elementor-element-edd5d30 elementor-widget__width-initial elementor-widget elementor-widget-text-editor\" data-id=\"edd5d30\" data-element_type=\"widget\" data-e-type=\"widget\" data-widget_type=\"text-editor.default\">\n\t\t\t\t<div class=\"elementor-widget-container\">\n\t\t\t\t\t\t\t\t\t<p data-start=\"1492\" data-end=\"1589\">Mais do que buscar um pre\u00e7o padr\u00e3o por metro quadrado, o ideal \u00e9 analisar o projeto como um todo.<\/p><p data-start=\"1591\" data-end=\"1766\">Cada aplica\u00e7\u00e3o possui necessidades espec\u00edficas, e o melhor custo-benef\u00edcio est\u00e1 na escolha de uma solu\u00e7\u00e3o que equilibre qualidade, durabilidade e desempenho ao longo do tempo.<\/p>\t\t\t\t\t\t\t\t<\/div>\n\t\t\t\t<\/div>\n\t\t\t\t\t<\/div>\n\t\t\t\t<\/div>\n\t\t<div class=\"elementor-element elementor-element-bcc8910 e-flex e-con-boxed e-con e-parent\" data-id=\"bcc8910\" data-element_type=\"container\" data-e-type=\"container\">\n\t\t\t\t\t<div class=\"e-con-inner\">\n\t\t\t\t<div class=\"elementor-element elementor-element-5839233 elementor-widget__width-initial elementor-widget elementor-widget-text-editor\" data-id=\"5839233\" data-element_type=\"widget\" data-e-type=\"widget\" data-widget_type=\"text-editor.default\">\n\t\t\t\t<div class=\"elementor-widget-container\">\n\t\t\t\t\t\t\t\t\t<p>Para saber qu\u00e9 panel LED es el ideal para su proyecto, consulte con un especialista:<\/p><p>WhatsApp: (41) 99219-5297<br \/>Correo electr\u00f3nico: sales.brazil@leyardgroup.com<\/p>\t\t\t\t\t\t\t\t<\/div>\n\t\t\t\t<\/div>\n\t\t\t\t\t<\/div>\n\t\t\t\t<\/div>\n\t\t\t\t<\/div>","protected":false},"excerpt":{"rendered":"<p>Qual \u00e9 o pre\u00e7o do metro quadrado de painel de led? Qual \u00e9 o pre\u00e7o do metro quadrado de painel de LED? O pre\u00e7o do metro quadrado de painel de LED varia conforme fatores como resolu\u00e7\u00e3o (pixel pitch), tipo de aplica\u00e7\u00e3o e tecnologia utilizada. Em geral, quanto maior a defini\u00e7\u00e3o da imagem e a exig\u00eancia [&hellip;]<\/p>","protected":false},"author":4,"featured_media":0,"parent":0,"menu_order":0,"comment_status":"closed","ping_status":"closed","template":"","meta":{"footnotes":""},"class_list":["post-6205","page","type-page","status-publish","hentry"],"_links":{"self":[{"href":"https:\/\/leyard.com.br\/esp\/wp-json\/wp\/v2\/pages\/6205","targetHints":{"allow":["GET"]}}],"collection":[{"href":"https:\/\/leyard.com.br\/esp\/wp-json\/wp\/v2\/pages"}],"about":[{"href":"https:\/\/leyard.com.br\/esp\/wp-json\/wp\/v2\/types\/page"}],"author":[{"embeddable":true,"href":"https:\/\/leyard.com.br\/esp\/wp-json\/wp\/v2\/users\/4"}],"replies":[{"embeddable":true,"href":"https:\/\/leyard.com.br\/esp\/wp-json\/wp\/v2\/comments?post=6205"}],"version-history":[{"count":4,"href":"https:\/\/leyard.com.br\/esp\/wp-json\/wp\/v2\/pages\/6205\/revisions"}],"predecessor-version":[{"id":6219,"href":"https:\/\/leyard.com.br\/esp\/wp-json\/wp\/v2\/pages\/6205\/revisions\/6219"}],"wp:attachment":[{"href":"https:\/\/leyard.com.br\/esp\/wp-json\/wp\/v2\/media?parent=6205"}],"curies":[{"name":"wp","href":"https:\/\/api.w.org\/{rel}","templated":true}]}}